t the prime factors of 254624305.
5, 13, 3917297
List the prime factors of 306807239.
163, 1882253
What are the prime factors of 1783869329?
11, 162169939
List the prime factors of 454111015.
5, 3631, 25013
What are the prime factors of 1506470373?
3, 55795199
List the prime factors of 93055074.
2, 3, 7, 37, 233, 257
What are the prime factors of 383002866?
2, 3, 59, 131, 2753
List the prime factors of 7877902.
2, 17, 263, 881
What are the prime factors of 153020525?
5, 7, 874403
What are the prime factors of 33303552?
2, 3, 37, 293
List the prime factors of 25021297.
7, 17, 210263
List the prime factors of 57364946.
2, 28682473
List the prime factors of 1436323422.
2, 3, 239387237
List the prime factors of 283431215.
5, 56686243
List the prime factors of 109923016.
2, 7, 1962911
What are the prime factors of 617527022?
2, 7, 3967, 11119
What are the prime factors of 283142545?
5, 7, 73, 110819
What are the prime factors of 341389684?
2, 8563, 9967
What are the prime factors of 793964?
2, 198491
List the prime factors of 1868562780.
2, 3, 5, 7, 23, 193433
What are the prime factors of 191956?
2, 37, 1297
List the prime factors of 36549899.
31, 263, 4483
What are the prime factors of 464453191?
23, 31, 43, 15149
List the prime factors of 2262594460.
2, 5, 7, 16161389
What are the prime factors of 626971701?
3, 59, 1097, 3229
What are the prime factors of 279842924?
2, 29, 2412439
What are the prime factors of 98351973?
3, 10927997
List the prime factors of 750958794.
2, 3, 43, 970231
What are the prime factors of 82409862?
2, 3, 631, 21767
What are the prime factors of 500067612?
2, 3, 11, 19, 66463
List the prime factors of 2854830662.
2, 1427415331
List the prime factors of 516964451.
937, 551723
What are the prime factors of 899191203?
3, 9311, 32191
List the prime factors of 142885031.
142885031
What are the prime factors of 843625168?
2, 53, 271, 3671
What are the prime factors of 668250069?
3, 269, 828067
What are the prime factors of 269027371?
269027371
List the prime factors of 877777822.
2, 438888911
List the prime factors of 620343700.
2, 5, 59, 105143
What are the prime factors of 48051631?
41, 1171991
List the prime factors of 203230347.
3, 29, 211, 11071
List the prime factors of 473141271.
3, 41, 421, 9137
What are the prime factors of 752771627?
1069, 704183
List the prime factors of 188970917.
53, 113, 139, 227
What are the prime factors of 1108956918?
2, 3, 3581, 51613
List the prime factors of 37198218.
2, 3, 281, 22063
List the prime factors of 3368674730.
2, 5, 19, 139, 229, 557
List the prime factors of 105096207.
3, 35032069
What are the prime factors of 29844182?
2, 311, 47981
List the prime factors of 40036434.
2, 3, 1657, 4027
List the prime factors of 1525463760.
2, 3, 5, 6356099
List the prime factors of 40760068.
2, 41, 248537
What are the prime factors of 409438779?
3, 257, 367, 1447
List the prime factors of 257972873.
103, 491, 5101
What are the prime factors of 132219032?
2, 11, 499, 3011
What are the prime factors of 4515035040?
2, 3, 5, 239, 4373
What are the prime factors of 479748407?
12763, 37589
List the prime factors of 3547136977.
3547136977
What are the prime factors of 268446832?
2, 2551, 6577
What are the prime factors of 321424552?
2, 457, 87917
List the prime factors of 1174508943.
3, 391502981
What are the prime factors of 1668614167?
11, 151692197
List the prime factors of 259443051.
3, 7, 383, 32257
List the prime factors of 362433522.
2, 3, 11, 41, 151, 887
What are the prime factors of 30544687?
30544687
What are the prime factors of 531158460?
2, 3, 5, 7, 1264663
What are the prime factors of 70741818?
2, 3, 7, 73, 7691
List the prime factors of 5386024353.
3, 53, 229, 2791
What are the prime factors of 133473789?
3, 14830421
What are the prime factors of 136105255?
5, 11, 13, 190357
What are the prime factors of 45284290?
2, 5, 4528429
List the prime factors of 1233384905.
5, 19, 12982999
List the prime factors of 51539020.
2, 5, 13, 19, 10433
List the prime factors of 1032110086.
2, 7, 17, 4336597
List the prime factors of 6011976881.
6011976881
List the prime factors of 524287582.
2, 7, 13, 17, 41, 4133
List the prime factors of 187469176.
2, 23433647
List the prime factors of 7624555.
5, 229, 6659
List the prime factors of 751637714.
2, 375818857
List the prime factors of 762324951.
3, 254108317
What are the prime factors of 5717671?
31, 184441
What are the prime factors of 140092271?
11, 929, 13709
What are the prime factors of 48358104?
2, 3, 2014921
What are the prime factors of 43861373?
31, 193, 7331
What are the prime factors of 52952607?
3, 41, 143503
What are the prime factors of 38640401?
71, 79, 83
List the prime factors of 216880876.
2, 53, 67, 15269
List the prime factors of 1283938935.
3, 5, 31, 43, 157, 409
What are the prime factors of 336669808?
2, 37, 568699
What are the prime factors of 1002785912?
2, 311, 403049
What are the prime factors of 145818677?
59, 2471503
What are the prime factors of 173047169?
173047169
List the prime factors of 4155556712.
2, 331, 1569319
What are the prime factors of 465825007?
17, 27401471
What are the prime factors of 29794135?
5, 7, 851261
List the prime factors of 2777603519.
1153, 2409023
List the prime factors of 55782232.
2, 11, 47, 13487
List the prime factors of 123363896.
2, 83, 185789
List the prime factors of 269730499.
23, 101, 116113
List the prime factors of 247603586.
2, 601, 205993
List the prime factors of 1349126097.
3, 11, 113, 361793
What are the prime factors of 27357484?
2, 7, 11, 12689
List the prime factors of 681429025.
5, 151, 180511
What are the prime factors of 3488515942?
2, 1744257971
List the prime factors of 128409338.
2, 64204669
List the prime factors of 143942680.
2, 5, 7, 514081
List the prime factors of 284471143.
11, 109, 237257
What are the prime factors of 634202479?
29, 21869051
What are the prime factors of 2811132?
2, 3, 26029
What are the prime factors of 753001299?
3, 27888937
List the prime factors of 135542672.
2, 937, 9041
List the prime factors of 224062928.
2, 313, 44741
List the prime factors of 821701170.
2, 3, 5, 19, 480527
List the prime factors of 42303864.
2, 3, 1762661
What are the prime factors of 56272722?
2, 3, 11, 852617
List the prime factors of 450864013.
409, 631, 1747
What are the prime factors of 287352920?
2, 5, 919, 7817
What are the prime factors of 720599850?
2, 3, 5, 937, 1709
List the prime factors of 123144988.
2, 977, 31511
What are the prime factors of 1027455167?
179, 5739973
List the prime factors of 65760531.
3, 21920177
What are the prime factors of 57172120?
2, 5, 1429303
What are the prime factors of 1475931129?
3, 491977043
What are the prime factors of 41351655?
3, 5, 2756777
What are the prime factors of 424263387?
3, 727, 194527
List the prime factors of 488901321.
3, 54322369
List the prime factors of 29642412.
2, 3, 2470201
List the prime factors of 558289737.
3, 2381, 26053
List the prime factors of 43359573.
3, 193, 74887
What are the prime factors of 120682645?
5, 24136529
What are the prime factors of 1467649519?
7, 29952031
List the prime factors of 1963041487.
11, 19, 9392543
What are the prime factors of 514726608?
2, 3, 11, 974861
What are the prime factors of 89007919?
7, 11, 13, 88919
List the prime factors of 6425788308.
2, 3, 535482359
List the prime factors of 249157456.
2, 67, 3469
What are the prime factors of 619847412?
2, 3, 19, 2718629
List the prime factors of 2722709725.
5, 103, 809, 1307
What are the prime factors of 4448113?
4448113
What are the prime factors of 29640487?
5099, 5813
What are the prime factors of 416872838?
2, 23, 9062453
What are the prime factors of 9833957?
7, 97, 2069
List the prime factors of 335889320.
2, 5, 13, 645941
What are the prime factors of 755770492?
2, 188942623
What are the prime factors of 1960662397?
73, 197, 136337
What are the prime factors of 199400284?
2, 49850071
What are the prime factors of 25882282?
2, 1543, 8387
List the prime factors of 3266905241.
3266905241
What are the prime factors of 213136833?
3, 7, 13, 780721
List the prime factors of 30936951.
3, 47, 24379
What are the prime factors of 41057307?
3, 113, 13457
What are the prime factors of 2620698662?
2, 47, 277, 100649
List th